s the highest common factor of 1243 and 48703?
113
Calculate the highest common factor of 13 and 12181.
13
Calculate the greatest common divisor of 7163 and 36803.
247
Calculate the highest common divisor of 6948 and 25866.
18
Calculate the highest common factor of 259390 and 60.
10
Calculate the greatest common factor of 1328 and 3664.
16
What is the greatest common divisor of 18405 and 90?
45
What is the greatest common divisor of 60 and 855230?
10
What is the greatest common divisor of 84 and 2492?
28
What is the highest common divisor of 307 and 5?
1
What is the highest common factor of 2065 and 1400?
35
What is the greatest common divisor of 9471 and 1928640?
861
Calculate the highest common factor of 2800 and 1392.
16
Calculate the greatest common factor of 2912 and 99904.
224
Calculate the greatest common factor of 257117 and 483.
161
Calculate the highest common factor of 250952 and 254.
254
Calculate the greatest common factor of 1216 and 1586272.
608
What is the greatest common factor of 6465 and 30?
15
What is the greatest common factor of 32 and 21901?
1
What is the greatest common divisor of 1970 and 200?
10
Calculate the highest common factor of 1562 and 286.
22
Calculate the highest common divisor of 4959 and 58653.
171
Calculate the greatest common divisor of 144 and 134256.
48
Calculate the greatest common factor of 1079295 and 105.
105
What is the greatest common factor of 17690 and 4350?
290
What is the greatest common factor of 199210 and 110?
110
What is the greatest common factor of 46243 and 1179?
131
What is the highest common divisor of 84539 and 4277?
91
What is the highest common divisor of 3732 and 56602?
622
What is the greatest common divisor of 158 and 271760?
158
Calculate the greatest common factor of 5472636 and 52.
52
Calculate the greatest common factor of 39 and 463801.
13
What is the greatest common factor of 54904 and 24?
8
Calculate the greatest common factor of 7296 and 104.
8
Calculate the highest common factor of 27376 and 1566.
58
What is the highest common factor of 29503 and 652?
163
What is the greatest common divisor of 92099 and 118?
59
Calculate the greatest common factor of 14963 and 78.
13
Calculate the highest common divisor of 930 and 395870.
310
Calculate the highest common divisor of 1095 and 139795.
365
Calculate the highest common factor of 148995 and 215.
215
What is the highest common factor of 51720 and 96?
24
Calculate the highest common factor of 90328 and 56.
56
Calculate the highest common divisor of 4025 and 1932.
161
What is the greatest common divisor of 266 and 20311?
19
Calculate the greatest common factor of 7878 and 804162.
606
Calculate the highest common factor of 4293 and 459.
27
What is the greatest common divisor of 812 and 336574?
406
Calculate the greatest common divisor of 921284 and 364.
364
What is the highest common factor of 77 and 17908?
11
What is the greatest common factor of 792918 and 4176?
522
What is the highest common factor of 100072 and 280?
56
What is the greatest common factor of 783 and 1015?
29
What is the greatest common divisor of 6161 and 7272?
101
Calculate the greatest common divisor of 577365 and 11895.
915
Calculate the highest common divisor of 48 and 29424.
48
Calculate the greatest common divisor of 971325 and 18.
9
Calculate the highest common factor of 2385480 and 20.
20
Calculate the greatest common factor of 89542 and 2.
2
What is the greatest common factor of 324 and 93348?
36
What is the highest common divisor of 549 and 8?
1
What is the greatest common factor of 64324 and 208?
52
What is the greatest common divisor of 1035 and 440?
5
What is the greatest common factor of 17836 and 2646?
98
Calculate the greatest common factor of 1767701 and 13.
13
Calculate the highest common factor of 268 and 182.
2
What is the greatest common factor of 148562 and 8732?
118
Calculate the highest common divisor of 1683 and 259369.
187
Calculate the greatest common factor of 117796 and 2156.
196
What is the highest common factor of 2907 and 28671?
57
Calculate the greatest common divisor of 3125 and 35500.
125
What is the highest common factor of 202675 and 34485?
605
Calculate the highest common factor of 1639265 and 15.
5
What is the highest common factor of 378670 and 4?
2
Calculate the greatest common factor of 16056 and 99.
9
Calculate the greatest common divisor of 153 and 570469.
17
Calculate the highest common factor of 51 and 166957.
17
Calculate the highest common factor of 44353 and 119.
17
Calculate the highest common factor of 59777 and 226.
113
What is the greatest common factor of 5260 and 8?
4
What is the greatest common factor of 4084137 and 909?
909
What is the highest common divisor of 91 and 351754?
13
Calculate the greatest common factor of 520 and 11635.
65
Calculate the highest common divisor of 9 and 203751.
9
Calculate the greatest common divisor of 1150744 and 28.
28
Calculate the greatest common divisor of 5175 and 5.
5
What is the greatest common factor of 485 and 83370?
5
What is the highest common factor of 105760 and 480?
160
Calculate the greatest common factor of 825 and 96745.
55
What is the highest common divisor of 10 and 51958?
2
What is the greatest common divisor of 66 and 51513?
33
What is the highest common factor of 30 and 408810?
30
What is the highest common factor of 1718784 and 120?
24
Calculate the greatest common factor of 550 and 570.
10
Calculate the greatest common divisor of 1923 and 384.
3
Calculate the greatest common factor of 1544 and 17370.
386
Calculate the greatest common divisor of 11993 and 67.
67
Calculate the highest common divisor of 97880 and 424.
8
Calculate the highest common factor of 4221234 and 6.
6
What is the greatest common divisor of 728 and 5544?
56
What is the highest common factor of 192 and 38382?
6
What is the greatest common factor of 670404 and 3381?
483
Calculate the greatest common divisor of 11546 and 2.
2
Calculate the greatest common divisor of 396 and 263934.
198
What is the highest common factor of 48 and 6823296?
48
What is the greatest common divisor of 382 and 458?
2
What is the greatest common divisor of 291 and 78279?
291
What is the greatest common factor of 349979 and 692?
173
What is the greatest common divisor of 176316 and 5124?
84
Calculate the greatest common factor of 149597 and 301.
301
Calculate the greatest common factor of 2092 and 3.
1
What is the greatest common divisor of 3755 and 25?
5
Calculate the greatest common divisor of 1581 and 36516.
51
Calculate the highest common factor of 51360 and 470.
10
Calculate the greatest common divisor of 2552 and 1063720.
232
What is the greatest common factor of 257813 and 7288?
911
Calculate the greatest common factor of 5 and 1405.
5
What is the greatest common factor of 67788 and 1764?
252
What is the highest common factor of 1049428 and 668?
668
Calculate the greatest common divisor of 2977 and 10305.
229
Calculate the highest common factor of 63385 and 315.
35
What is the highest common divisor of 2783 and 11569?
23
What is the highest common divisor of 42312 and 574?
82
What is the highest common divisor of 5 and 27810?
5
What is the greatest common divisor of 10410 and 270?
30
Calculate the greatest common divisor of 22491 and 408.
51
Calculate the highest common factor of 87916 and 620.
124
Calculate the greatest common divisor of 1022679 and 1176.
147
What is the highest common factor of 193 and 20073737?
193
Calculate the highest common divisor of 268 and 352.
4
What is the greatest common divisor of 1868 and 1401?
467
Calculate the highest common divisor of 2568 and 132.
12
What is the greatest common divisor of 445 and 36401?
89
Calculate the highest common divisor of 9 and 23361.
3
Calculate the greatest common divisor of 67360 and 440.
40
What is the greatest common divisor of 277 and 1032379?
277
Calculate the highest common divisor of 106 and 1674.
2
What is the highest common divisor of 172935 and 1620?
405
What is the highest common divisor of 1073 and 104139?
29
What is the highest common divisor of 15 and 142495?
5
Calculate the greatest common factor of 16 and 3448.
8
What is the highest common divisor of 5814 and 5472?
342
Calculate the greatest common factor of 285 and 3363.
5